{"id":299,"date":"2021-07-25T16:32:52","date_gmt":"2021-07-25T16:32:52","guid":{"rendered":"https:\/\/demo.joycathouse.com\/?page_id=299"},"modified":"2021-07-25T16:33:23","modified_gmt":"2021-07-25T16:33:23","slug":"lanificio-f-lli-cerruti","status":"publish","type":"page","link":"https:\/\/hq-empire.com\/?page_id=299","title":{"rendered":"Lanificio F.lli Cerruti"},"content":{"rendered":"\n<p><strong>\u0110\u00e2y l\u00e0 th\u01b0\u01a1ng hi\u1ec7u v\u1ea3i n\u1ed5i ti\u1ebfng c\u1ee7a Italia v\u1edbi truy\u1ec1n th\u1ed1ng h\u01a1n 130 n\u0103m \u0111\u00e3 lu\u00f4n\u00a0s\u1ea3n xu\u1ea5t ra nh\u1eefng lo\u1ea1i\u00a0v\u1ea3i h\u00e0ng \u0111\u1ea7u th\u1ebf gi\u1edbi.<\/strong><\/p>\n\n\n\n<p><strong>M\u1ed9t b\u1ed9 suit may b\u1eb1ng v\u1ea3i n\u00e0y s\u1ebd mang t\u1edbi cho b\u1ea1n s\u1ef1&nbsp;\u0111\u1eb3ng c\u1ea5p ngay t\u1eeb c\u00e1i nh\u00ecn \u0111\u1ea7u ti\u00ean. V\u1ea3i \u0111\u01b0\u1ee3c HQ-EMPIRE \u0111\u1eb7t h\u00e0ng tr\u1ef1c ti\u1ebfp t\u1eeb h\u00e3ng CERRUTI&nbsp;sau khi b\u1ea1n t\u1edbi \u0111\u1eb7t may.<\/strong><\/p>\n\n\n\n<div class=\"wp-block-image\"><figure class=\"aligncenter size-full\"><img loading=\"lazy\" decoding=\"async\" width=\"550\" height=\"413\" src=\"https:\/\/demo.joycathouse.com\/wp-content\/uploads\/2021\/07\/CRT.jpg\" alt=\"\" class=\"wp-image-300\" srcset=\"https:\/\/hq-empire.com\/wp-content\/uploads\/2021\/07\/CRT.jpg 550w, https:\/\/hq-empire.com\/wp-content\/uploads\/2021\/07\/CRT-300x225.jpg 300w\" sizes=\"auto, (max-width: 550px) 100vw, 550px\" \/><\/figure><\/div>\n\n\n\n<p><strong>N\u0103m 2016 l\u00e0 n\u0103m ch\u1eb5n k\u1ef7 ni\u1ec7m 135 n\u0103m ng\u00e0y th\u00e0nh l\u1eadp h\u00e3ng v\u1ea3i n\u00ean tr\u00ean t\u1eebng m\u00e9t v\u1ea3i \u0111\u00e3 \u0111\u01b0\u1ee3c h\u00e3ng v\u1ea3i \u01b0u \u00e1i v\u1edbi m\u1ee9c gi\u00e1 h\u1ee3p l\u00fd h\u01a1n r\u1ea5t nhi\u1ec1u so v\u1edbi nh\u1eefng n\u0103m kh\u00e1c. Hi\u1ec7n t\u1ea1i HQ-empire \u0111ang c\u00f3 tr\u00ean 1000 m\u1eabu v\u1ea3i m\u1edbi nh\u1ea5t c\u1ee7a h\u00e3ng k\u00e8m theo c\u00e1c ph\u1ee5 ki\u1ec7n ch\u00ednh h\u00e3ng nh\u01b0 khuy \u00e1o (n\u00fat \u00e1o) v\u00e0 c\u00e1c lo\u1ea1i l\u00f3t \u0111\u1eb7c bi\u1ec7t c\u1ee7a h\u00e3ng v\u1ea3i.<\/strong><\/p>\n\n\n\n<p><strong>\u0110\u00e2y l\u00e0 1 c\u01a1 h\u1ed9i v\u00f4 c\u00f9ng thu\u1eadn l\u1ee3i \u0111\u1ec3 qu\u00fd kh\u00e1ch c\u00f3 th\u1ec3 ti\u1ebfp c\u1eadn \u0111\u01b0\u1ee3c v\u1edbi nh\u1eefng b\u1ed9 suit \u0111\u01b0\u1ee3c may b\u1eb1ng v\u1ea3i n\u00e0y. Qu\u00fd kh\u00e1ch th\u1ef1c s\u1ef1 c\u00f3 nhu c\u1ea7u vui l\u00f2ng \u0111\u1eb7t h\u1eb9n v\u00e0&nbsp;\u0111\u1ec3 \u0111\u01b0\u1ee3c t\u01b0 v\u1ea5n v\u00e0 l\u1ea5y s\u1ed1 \u0111o t\u1ea1i 29 Nguy\u1ec5n H\u1eefu Hu\u00e2n, H\u00e0 n\u1ed9i.<\/strong><\/p>\n\n\n\n<p class=\"has-text-align-center\"><strong>S\u1ed1 \u0111i\u1ec7n tho\u1ea1i li\u00ean h\u1ec7 : 091-2224555\u00a0<span style=\"color:#ff0004\" class=\"has-inline-color\">\/<\/span>\u00a00125-2224555\u00a0<\/strong><\/p>\n\n\n\n<div class=\"wp-block-image\"><figure class=\"aligncenter size-full\"><img loading=\"lazy\" decoding=\"async\" width=\"550\" height=\"219\" src=\"https:\/\/demo.joycathouse.com\/wp-content\/uploads\/2021\/07\/zsa.jpg\" alt=\"\" class=\"wp-image-301\" srcset=\"https:\/\/hq-empire.com\/wp-content\/uploads\/2021\/07\/zsa.jpg 550w, https:\/\/hq-empire.com\/wp-content\/uploads\/2021\/07\/zsa-300x119.jpg 300w\" sizes=\"auto, (max-width: 550px) 100vw, 550px\" \/><\/figure><\/div>\n\n\n\n<div class=\"wp-block-image\"><figure class=\"aligncenter size-full\"><img loading=\"lazy\" decoding=\"async\" width=\"550\" height=\"625\" src=\"https:\/\/demo.joycathouse.com\/wp-content\/uploads\/2021\/07\/wall-street-poster.jpg\" alt=\"\" class=\"wp-image-302\" srcset=\"https:\/\/hq-empire.com\/wp-content\/uploads\/2021\/07\/wall-street-poster.jpg 550w, https:\/\/hq-empire.com\/wp-content\/uploads\/2021\/07\/wall-street-poster-264x300.jpg 264w\" sizes=\"auto, (max-width: 550px) 100vw, 550px\" \/><\/figure><\/div>\n\n\n\n<p class=\"has-text-align-center\">B\u1ed9 phim &#8220;Wall street&#8221; d\u00f9ng trang ph\u1ee5c b\u1eb1ng v\u1ea3i Cerruti &#8211;\u00a0made in Italia cho c\u00e1c di\u1ec5n vi\u00ean ch\u00ednh.<\/p>\n","protected":false},"excerpt":{"rendered":"<p>\u0110\u00e2y l\u00e0 th\u01b0\u01a1ng hi\u1ec7u v\u1ea3i n\u1ed5i ti\u1ebfng c\u1ee7a Italia v\u1edbi truy\u1ec1n th\u1ed1ng h\u01a1n 130 n\u0103m \u0111\u00e3 lu\u00f4n\u00a0s\u1ea3n xu\u1ea5t ra nh\u1eefng &hellip; <a href=\"https:\/\/hq-empire.com\/?page_id=299\" class=\"more-link\"><span class=\"more-button\">Read More<span class=\"screen-reader-text\">Lanificio F.lli Cerruti<\/span><\/span><\/a><\/p>\n","protected":false},"author":1,"featured_media":0,"parent":0,"menu_order":0,"comment_status":"closed","ping_status":"closed","template":"","meta":{"footnotes":""},"class_list":["post-299","page","type-page","status-publish","hentry"],"_links":{"self":[{"href":"https:\/\/hq-empire.com\/index.php?rest_route=\/wp\/v2\/pages\/299","targetHints":{"allow":["GET"]}}],"collection":[{"href":"https:\/\/hq-empire.com\/index.php?rest_route=\/wp\/v2\/pages"}],"about":[{"href":"https:\/\/hq-empire.com\/index.php?rest_route=\/wp\/v2\/types\/page"}],"author":[{"embeddable":true,"href":"https:\/\/hq-empire.com\/index.php?rest_route=\/wp\/v2\/users\/1"}],"replies":[{"embeddable":true,"href":"https:\/\/hq-empire.com\/index.php?rest_route=%2Fwp%2Fv2%2Fcomments&post=299"}],"version-history":[{"count":3,"href":"https:\/\/hq-empire.com\/index.php?rest_route=\/wp\/v2\/pages\/299\/revisions"}],"predecessor-version":[{"id":306,"href":"https:\/\/hq-empire.com\/index.php?rest_route=\/wp\/v2\/pages\/299\/revisions\/306"}],"wp:attachment":[{"href":"https:\/\/hq-empire.com\/index.php?rest_route=%2Fwp%2Fv2%2Fmedia&parent=299"}],"curies":[{"name":"wp","href":"https:\/\/api.w.org\/{rel}","templated":true}]}}