{"id":316,"date":"2021-07-25T16:42:29","date_gmt":"2021-07-25T16:42:29","guid":{"rendered":"https:\/\/demo.joycathouse.com\/?page_id=316"},"modified":"2021-07-25T16:42:29","modified_gmt":"2021-07-25T16:42:29","slug":"soktas-vai-so-mi-danh-cho-nhung-nguoi-thanh-dat","status":"publish","type":"page","link":"https:\/\/hq-empire.com\/?page_id=316","title":{"rendered":"S\u00d6KTA\u015e &#8211; V\u1ea3i s\u01a1-mi d\u00e0nh cho nh\u1eefng ng\u01b0\u1eddi th\u00e0nh \u0111\u1ea1t"},"content":{"rendered":"\n<div class=\"wp-block-image\"><figure class=\"aligncenter size-full\"><img loading=\"lazy\" decoding=\"async\" width=\"440\" height=\"283\" src=\"https:\/\/demo.joycathouse.com\/wp-content\/uploads\/2021\/07\/FastForward-Kutu.jpg\" alt=\"\" class=\"wp-image-317\" srcset=\"https:\/\/hq-empire.com\/wp-content\/uploads\/2021\/07\/FastForward-Kutu.jpg 440w, https:\/\/hq-empire.com\/wp-content\/uploads\/2021\/07\/FastForward-Kutu-300x193.jpg 300w\" sizes=\"auto, (max-width: 440px) 100vw, 440px\" \/><\/figure><\/div>\n\n\n\n<p><strong>S\u00d6KTA\u015e \u0111\u01b0\u1ee3c th\u00e0nh l\u1eadp v\u00e0o n\u0103m 1971 t\u1ea1i Th\u1ed5 Nh\u0129 K\u1ef3. \u0110\u00e2y l\u00e0 m\u1ed9t th\u01b0\u01a1ng hi\u1ec7u &#8220;s\u00e2n sau&#8221; s\u1ea3n xu\u1ea5t v\u00e0 cung c\u1ea5p nguy\u00ean li\u1ec7u cho h\u1ea7u h\u1ebft c\u00e1c ti\u1ec7m may Bespoke v\u00e0 c\u00e1c h\u00e3ng th\u1eddi trang cao c\u1ea5p h\u00e0ng \u0111\u1ea7u th\u1ebf gi\u1edbi. V\u00ec l\u1ef1a ch\u1ecdn c\u1ea5p v\u1ea3i cho th\u1ecb tr\u01b0\u1eddng n\u00e0y, n\u00ean c\u00e1c s\u1ea3n ph\u1ea9m S\u00d6KTA\u015e \u0111\u01b0\u1ee3c th\u1ef1c hi\u1ec7n kh\u00f4ng ch\u1ec9 t\u1eeb gi\u1ed1ng b\u00f4ng Ai C\u1eadp (Egyptian Giza cotton) t\u1ed1t nh\u1ea5t th\u1ebf gi\u1edbi m\u00e0 c\u00f2n t\u1eeb c\u00e1c s\u1ee3i b\u00f4ng tinh khi\u1ebft nh\u1ea5t v\u00e0 d\u00e0i nh\u1ea5t \u0111\u1ec3 d\u1ec7t l\u00ean c\u00e1c lo\u1ea1i v\u1ea3i m\u1ec1m m\u01b0\u1ee3t v\u00e0 nh\u1eb9 v\u00f4 c\u00f9ng !&nbsp;<\/strong><\/p>\n\n\n\n<p><strong>&nbsp;<\/strong><strong>N\u1ebfu b\u1ea1n l\u00e0 nh\u1eefng ng\u01b0\u1eddi c\u00f3 \u0111i\u1ec1u ki\u1ec7n t\u00e0i ch\u00ednh t\u1ed1t v\u00e0 \u01b0a th\u00edch s\u1ef1 tho\u1ea3i m\u00e1i, tho\u00e1ng m\u00e1t c\u1ee7a m\u1ed9t chi\u1ebfc s\u01a1-mi th\u00ec kh\u00f4ng l\u00fd do g\u00ec m\u00e0 b\u1ea1n kh\u00f4ng l\u1ef1a ch\u1ecdn cho m\u00ecnh 1 chi\u1ebfc s\u01a1-mi \u0111\u01b0\u1ee3c may b\u1eb1ng v\u1ea3i S\u00d6KTA\u015e n\u00e0y. C\u1ea3m nh\u1eadn kh\u00e1ch quan \u0111\u1ea7u ti\u00ean c\u1ee7a ai \u0111\u00f3 khi nh\u00ecn th\u1ea5y v\u1ea3i n\u00e0y \u0111\u00f3 l\u00e0 n\u00f3 r\u1ea5t tinh t\u1ebf. Nh\u1eefng l\u00f3ng v\u1ea3i \u0111a d\u1ea1ng \u0111\u01b0\u1ee3c \u0111\u1ec7t c\u1ea7u k\u1ef3 v\u1edbi nh\u1eefng h\u1ecda ti\u1ebft ch\u00ecm nh\u1ecf li ti s\u1ebd khi\u1ebfn cho chi\u1ebfc s\u01a1-mi c\u1ee7a b\u1ea1n th\u1eadt s\u1ef1 sang tr\u1ecdng.<\/strong><\/p>\n\n\n\n<div class=\"wp-block-image\"><figure class=\"aligncenter size-full\"><img loading=\"lazy\" decoding=\"async\" width=\"440\" height=\"283\" src=\"https:\/\/demo.joycathouse.com\/wp-content\/uploads\/2021\/07\/blacktie_1.jpg\" alt=\"\" class=\"wp-image-318\" srcset=\"https:\/\/hq-empire.com\/wp-content\/uploads\/2021\/07\/blacktie_1.jpg 440w, https:\/\/hq-empire.com\/wp-content\/uploads\/2021\/07\/blacktie_1-300x193.jpg 300w\" sizes=\"auto, (max-width: 440px) 100vw, 440px\" \/><\/figure><\/div>\n\n\n\n<div class=\"wp-block-image\"><figure class=\"aligncenter size-full\"><img loading=\"lazy\" decoding=\"async\" width=\"440\" height=\"283\" src=\"https:\/\/demo.joycathouse.com\/wp-content\/uploads\/2021\/07\/blacktie_2.jpg\" alt=\"\" class=\"wp-image-319\" srcset=\"https:\/\/hq-empire.com\/wp-content\/uploads\/2021\/07\/blacktie_2.jpg 440w, https:\/\/hq-empire.com\/wp-content\/uploads\/2021\/07\/blacktie_2-300x193.jpg 300w\" sizes=\"auto, (max-width: 440px) 100vw, 440px\" \/><\/figure><\/div>\n\n\n\n<div class=\"wp-block-image\"><figure class=\"aligncenter size-full\"><img loading=\"lazy\" decoding=\"async\" width=\"440\" height=\"283\" src=\"https:\/\/demo.joycathouse.com\/wp-content\/uploads\/2021\/07\/bw-2.jpg\" alt=\"\" class=\"wp-image-320\" srcset=\"https:\/\/hq-empire.com\/wp-content\/uploads\/2021\/07\/bw-2.jpg 440w, https:\/\/hq-empire.com\/wp-content\/uploads\/2021\/07\/bw-2-300x193.jpg 300w\" sizes=\"auto, (max-width: 440px) 100vw, 440px\" \/><\/figure><\/div>\n\n\n\n<div class=\"wp-block-image\"><figure class=\"aligncenter size-full\"><img loading=\"lazy\" decoding=\"async\" width=\"440\" height=\"283\" src=\"https:\/\/demo.joycathouse.com\/wp-content\/uploads\/2021\/07\/bw-1.jpg\" alt=\"\" class=\"wp-image-321\" srcset=\"https:\/\/hq-empire.com\/wp-content\/uploads\/2021\/07\/bw-1.jpg 440w, https:\/\/hq-empire.com\/wp-content\/uploads\/2021\/07\/bw-1-300x193.jpg 300w\" sizes=\"auto, (max-width: 440px) 100vw, 440px\" \/><\/figure><\/div>\n\n\n\n<div class=\"wp-block-image\"><figure class=\"aligncenter size-full\"><img loading=\"lazy\" decoding=\"async\" width=\"440\" height=\"283\" src=\"https:\/\/demo.joycathouse.com\/wp-content\/uploads\/2021\/07\/blacktie_3.jpg\" alt=\"\" class=\"wp-image-322\" srcset=\"https:\/\/hq-empire.com\/wp-content\/uploads\/2021\/07\/blacktie_3.jpg 440w, https:\/\/hq-empire.com\/wp-content\/uploads\/2021\/07\/blacktie_3-300x193.jpg 300w\" sizes=\"auto, (max-width: 440px) 100vw, 440px\" \/><\/figure><\/div>\n\n\n\n<div class=\"wp-block-image\"><figure class=\"aligncenter size-full\"><img loading=\"lazy\" decoding=\"async\" width=\"440\" height=\"283\" src=\"https:\/\/demo.joycathouse.com\/wp-content\/uploads\/2021\/07\/bw-3.jpg\" alt=\"\" class=\"wp-image-323\" srcset=\"https:\/\/hq-empire.com\/wp-content\/uploads\/2021\/07\/bw-3.jpg 440w, https:\/\/hq-empire.com\/wp-content\/uploads\/2021\/07\/bw-3-300x193.jpg 300w\" sizes=\"auto, (max-width: 440px) 100vw, 440px\" \/><\/figure><\/div>\n\n\n\n<div class=\"wp-block-image\"><figure class=\"aligncenter size-full\"><img loading=\"lazy\" decoding=\"async\" width=\"440\" height=\"283\" src=\"https:\/\/demo.joycathouse.com\/wp-content\/uploads\/2021\/07\/meander71_3.jpg\" alt=\"\" class=\"wp-image-324\" srcset=\"https:\/\/hq-empire.com\/wp-content\/uploads\/2021\/07\/meander71_3.jpg 440w, https:\/\/hq-empire.com\/wp-content\/uploads\/2021\/07\/meander71_3-300x193.jpg 300w\" sizes=\"auto, (max-width: 440px) 100vw, 440px\" \/><\/figure><\/div>\n\n\n\n<div class=\"wp-block-image\"><figure class=\"aligncenter size-full\"><img loading=\"lazy\" decoding=\"async\" width=\"440\" height=\"283\" src=\"https:\/\/demo.joycathouse.com\/wp-content\/uploads\/2021\/07\/fast-forward_1.jpg\" alt=\"\" class=\"wp-image-325\" srcset=\"https:\/\/hq-empire.com\/wp-content\/uploads\/2021\/07\/fast-forward_1.jpg 440w, https:\/\/hq-empire.com\/wp-content\/uploads\/2021\/07\/fast-forward_1-300x193.jpg 300w\" sizes=\"auto, (max-width: 440px) 100vw, 440px\" \/><\/figure><\/div>\n\n\n\n<div class=\"wp-block-image\"><figure class=\"aligncenter size-full\"><img loading=\"lazy\" decoding=\"async\" width=\"440\" height=\"283\" src=\"https:\/\/demo.joycathouse.com\/wp-content\/uploads\/2021\/07\/Noblesse_2.jpg\" alt=\"\" class=\"wp-image-326\" srcset=\"https:\/\/hq-empire.com\/wp-content\/uploads\/2021\/07\/Noblesse_2.jpg 440w, https:\/\/hq-empire.com\/wp-content\/uploads\/2021\/07\/Noblesse_2-300x193.jpg 300w\" sizes=\"auto, (max-width: 440px) 100vw, 440px\" \/><\/figure><\/div>\n\n\n\n<div class=\"wp-block-image\"><figure class=\"aligncenter size-full\"><img loading=\"lazy\" decoding=\"async\" width=\"440\" height=\"283\" src=\"https:\/\/demo.joycathouse.com\/wp-content\/uploads\/2021\/07\/ecologic_2.jpg\" alt=\"\" class=\"wp-image-327\" srcset=\"https:\/\/hq-empire.com\/wp-content\/uploads\/2021\/07\/ecologic_2.jpg 440w, https:\/\/hq-empire.com\/wp-content\/uploads\/2021\/07\/ecologic_2-300x193.jpg 300w\" sizes=\"auto, (max-width: 440px) 100vw, 440px\" \/><\/figure><\/div>\n\n\n\n<div class=\"wp-block-image\"><figure class=\"aligncenter size-full\"><img loading=\"lazy\" decoding=\"async\" width=\"440\" height=\"283\" src=\"https:\/\/demo.joycathouse.com\/wp-content\/uploads\/2021\/07\/fast-forward_2.jpg\" alt=\"\" class=\"wp-image-328\" srcset=\"https:\/\/hq-empire.com\/wp-content\/uploads\/2021\/07\/fast-forward_2.jpg 440w, https:\/\/hq-empire.com\/wp-content\/uploads\/2021\/07\/fast-forward_2-300x193.jpg 300w\" sizes=\"auto, (max-width: 440px) 100vw, 440px\" \/><\/figure><\/div>\n\n\n\n<div class=\"wp-block-image\"><figure class=\"aligncenter size-full\"><img loading=\"lazy\" decoding=\"async\" width=\"440\" height=\"283\" src=\"https:\/\/demo.joycathouse.com\/wp-content\/uploads\/2021\/07\/Bespoke-Box.jpg\" alt=\"\" class=\"wp-image-329\" srcset=\"https:\/\/hq-empire.com\/wp-content\/uploads\/2021\/07\/Bespoke-Box.jpg 440w, https:\/\/hq-empire.com\/wp-content\/uploads\/2021\/07\/Bespoke-Box-300x193.jpg 300w\" sizes=\"auto, (max-width: 440px) 100vw, 440px\" \/><\/figure><\/div>\n\n\n\n<p><strong>\u0110\u1ec3 th\u1ef1c t\u1ebf h\u01a1n, ch\u00fang t\u00f4i m\u1eddi b\u1ea1n qua v\u0103n ph\u00f2ng c\u1ee7a ch\u00fang t\u00f4i t\u1ea1i s\u1ed1 29 Nguy\u1ec5n H\u1eefu Hu\u00e2n, H\u00e0 N\u1ed9i \u0111\u1ec3 c\u1ea3m nh\u1eadn ch\u1ea5t li\u1ec7u. \u0110\u00e2y th\u1eadt s\u1ef1 l\u00e0 m\u1ed9t s\u1ef1 \u0111\u1ea7u t\u01b0 t\u1ed1t cho nh\u1eefng chi\u1ebfc s\u01a1 mi Bespoke c\u1ee7a m\u1ed9t Qu\u00fd \u00d4ng !<\/strong><\/p>\n","protected":false},"excerpt":{"rendered":"<p>S\u00d6KTA\u015e \u0111\u01b0\u1ee3c th\u00e0nh l\u1eadp v\u00e0o n\u0103m 1971 t\u1ea1i Th\u1ed5 Nh\u0129 K\u1ef3. \u0110\u00e2y l\u00e0 m\u1ed9t th\u01b0\u01a1ng hi\u1ec7u &#8220;s\u00e2n sau&#8221; s\u1ea3n xu\u1ea5t &hellip; <a href=\"https:\/\/hq-empire.com\/?page_id=316\" class=\"more-link\"><span class=\"more-button\">Read More<span class=\"screen-reader-text\">S\u00d6KTA\u015e &#8211; V\u1ea3i s\u01a1-mi d\u00e0nh cho nh\u1eefng ng\u01b0\u1eddi th\u00e0nh \u0111\u1ea1t<\/span><\/span><\/a><\/p>\n","protected":false},"author":1,"featured_media":0,"parent":0,"menu_order":0,"comment_status":"closed","ping_status":"closed","template":"","meta":{"footnotes":""},"class_list":["post-316","page","type-page","status-publish","hentry"],"_links":{"self":[{"href":"https:\/\/hq-empire.com\/index.php?rest_route=\/wp\/v2\/pages\/316","targetHints":{"allow":["GET"]}}],"collection":[{"href":"https:\/\/hq-empire.com\/index.php?rest_route=\/wp\/v2\/pages"}],"about":[{"href":"https:\/\/hq-empire.com\/index.php?rest_route=\/wp\/v2\/types\/page"}],"author":[{"embeddable":true,"href":"https:\/\/hq-empire.com\/index.php?rest_route=\/wp\/v2\/users\/1"}],"replies":[{"embeddable":true,"href":"https:\/\/hq-empire.com\/index.php?rest_route=%2Fwp%2Fv2%2Fcomments&post=316"}],"version-history":[{"count":1,"href":"https:\/\/hq-empire.com\/index.php?rest_route=\/wp\/v2\/pages\/316\/revisions"}],"predecessor-version":[{"id":331,"href":"https:\/\/hq-empire.com\/index.php?rest_route=\/wp\/v2\/pages\/316\/revisions\/331"}],"wp:attachment":[{"href":"https:\/\/hq-empire.com\/index.php?rest_route=%2Fwp%2Fv2%2Fmedia&parent=316"}],"curies":[{"name":"wp","href":"https:\/\/api.w.org\/{rel}","templated":true}]}}