{"id":237,"date":"2021-07-25T02:30:49","date_gmt":"2021-07-25T02:30:49","guid":{"rendered":"https:\/\/demo.joycathouse.com\/?post_type=product&#038;p=237"},"modified":"2021-07-25T02:41:16","modified_gmt":"2021-07-25T02:41:16","slug":"so-mi-ghi-xam-xep-ly","status":"publish","type":"product","link":"https:\/\/hq-empire.com\/?product=so-mi-ghi-xam-xep-ly","title":{"rendered":"S\u01a1-mi ghi x\u00e1m x\u1ebfp ly"},"content":{"rendered":"<p><strong>\u00c1o s\u01a1-mi d\u00e0i tay \u0111\u01b0\u1ee3c th\u1ef1c hi\u1ec7n b\u1edfi HQ l\u00e0 nh\u1eefng chi\u1ebfc s\u01a1-mi \u0111\u01b0\u1ee3c may r\u1ea5t kh\u00e9o l\u00e9o v\u00e0 c\u1ea9n th\u1eadn. To\u00e0n b\u1ed9 chi\u1ebfc \u00e1o \u0111\u01b0\u1ee3c may cu\u1ed1n s\u1ea1ch s\u1ebd. C\u00e1c m\u0169i ch\u1ec9 \u0111\u01b0\u1ee3c may nh\u1ecf trung b\u00ecnh 1mm\/m\u0169i.<\/strong><\/p>\n<p><strong>Ch\u1ea5t li\u1ec7u v\u1ea3i d\u00f9ng \u0111\u1ec3 may s\u01a1-mi \u1edf HQ-empire l\u00e0 100% Cotton Ai C\u1eadp do h\u00e3ng Fiorello c\u1ee7a Italia s\u1ea3n xu\u1ea5t v\u00e0 c\u00f3 r\u1ea5t nhi\u1ec1u m\u00e0u cho c\u00e1c b\u1ea1n l\u1ef1a ch\u1ecdn. V\u1ea3i Cotton Ai C\u1eadp l\u00e0 t\u00ean g\u1ecdi chung cho lo\u1ea1i cotton s\u1ee3i d\u00e0i c\u00f3 ngu\u1ed3n g\u1ed1c t\u1eeb Ai C\u1eadp. Cotton s\u1ee3i d\u00e0i Ai C\u1eadp n\u1ed5i ti\u1ebfng l\u00e0 b\u1ec1n v\u00e0 m\u1ec1m m\u1ea1i h\u01a1n h\u1eb3n so v\u1edbi cotton th\u01b0\u1eddng, c\u00f3 \u0111\u1ed9 b\u00f3ng t\u1ef1 nhi\u00ean n\u00ean \u0111\u00e3 t\u1eeb l\u00e2u \u0111\u01b0\u1ee3c coi l\u00e0 vua c\u1ee7a c\u00e1c lo\u1ea1i cotton. Theo l\u1ecbch s\u1eed ghi l\u1ea1i, Cotton Ai C\u1eadp c\u00f3 t\u1eeb n\u0103m 2600 tr\u01b0\u1edbc C\u00f4ng nguy\u00ean v\u00e0 th\u1ef1c s\u1ef1 n\u00f3 \u0111\u01b0\u1ee3c tr\u1ed3ng \u0111\u1ea7u ti\u00ean t\u1ea1i Ethiopa c\u00f3 t\u00ean l\u00e0 cotton Maho, sau \u0111\u00f3 m\u1ed9t m\u1eabu \u0111\u01b0\u1ee3c chuy\u1ec3n \u0111\u1ebfn Ai C\u1eadp. Nh\u1edd c\u00f3 2 y\u1ebfu t\u1ed1 t\u1ef1 nhi\u00ean v\u00f4 c\u00f9ng quan tr\u1ecdng l\u00e0 khi h\u1eadu \u1ea5m \u00e1p v\u00e0 s\u00f4ng Nile m\u00e0 n\u00f3 \u0111\u00e3 ph\u00e1t tri\u1ec3n m\u1ea1nh m\u1ebd v\u00e0 tr\u1edf th\u00e0nh m\u1ed9t m\u1eb7t h\u00e0ng giao d\u1ecbch thi\u1ebft y\u1ebfu t\u1ea1i c\u1ea3ng Alexandria l\u00fac b\u1ea5y gi\u1edd. Sau n\u00e0y c\u00e1c h\u00e3ng v\u1ea3i l\u1edbn \u1edf ch\u00e2u \u00e2u \u0111\u00e3 nh\u1eadp lo\u1ea1i nguy\u00ean li\u1ec7u n\u00e0y v\u1ec1 \u0111\u1ec3 s\u1ea3n xu\u1ea5t nh\u1eefng lo\u1ea1i v\u1ea3i s\u01a1-mi danh ti\u1ebfng mang th\u01b0\u01a1ng hi\u1ec7u c\u1ee7a h\u1ecd v\u00e0 ph\u00e1t tri\u1ec3n ch\u00fang ra kh\u1eafp th\u1ebf gi\u1edbi&#8230;<\/strong><\/p>\n<p><strong>M\u00e0u ghi x\u00e1m n\u00e0y\u00a0<em>(m\u00e3 v\u1ea3i H403807)<\/em>\u00a0c\u1ee7a Fiorello \u00a0nam gi\u1edbi m\u1eb7c nh\u00ecn l\u1ecbch l\u00e3m v\u00e0 &#8220;ch\u1ea5t ch\u01a1i&#8221;.\u00a0 C\u00e1c \u0111\u01b0\u1eddng x\u1ebfp l\u00fd, tr\u00ean ng\u1ef1c th\u00edch h\u1ee3p c\u1ea3 khi b\u1ea1n m\u1eb7c trong b\u1ed9 suit m\u00e0 kh\u00f4ng c\u1ea7n th\u1eaft c\u00e0-v\u1ea1t. B\u1ea1n s\u1ebd mang m\u1ed9t h\u00ecnh \u1ea3nh ho\u00e0n to\u00e0n m\u1edbi m\u1ebb khi kho\u00e1c l\u00ean ng\u01b0\u1eddi chi\u1ebfc s\u01a1-mi n\u00e0y&#8230;<\/strong><\/p>\n<p><strong>Ki\u1ec3u d\u00e1ng \u00e1o th\u01b0\u1eddng \u0111\u01b0\u1ee3c HQ t\u1ea1o d\u00e1ng v\u1eeba v\u1eb7n v\u1edbi c\u01a1 th\u1ec3 b\u1ea1n. Kh\u00f4ng qu\u00e1 b\u00f3 s\u00e1t nh\u01b0ng c\u0169ng kh\u00f4ng qu\u00e1 r\u1ed9ng. M\u1ed9t chi\u1ebfc s\u01a1-mi nam thanh l\u1ecbch l\u00e0 m\u1ed9t chi\u1ebfc \u00e1o kh\u00f4ng qu\u00e1 \u00f4m s\u00e1t.<\/strong><\/p>\n<p><strong>Chi\u1ebfc \u00e1o \u0111\u1eb7t b\u1eb1ng v\u1ea3i n\u00e0y gi\u00e1 1 tri\u1ec7u 700 ng\u00e0n v\u00e0 th\u1eddi gian may l\u00e0 8 ng\u00e0y.<\/strong><\/p>\n<p><span style=\"color: #ff0000;\"><strong>Price: \u00a0USD 25 per 01 pcs, labor cost only\u00a0<em>(2014)<\/em><\/strong><\/span><\/p>\n<p><strong>\u00a0<\/strong><\/p>\n<p><img loading=\"lazy\" decoding=\"async\" class=\"aligncenter wp-image-214 size-full\" src=\"https:\/\/demo.joycathouse.com\/wp-content\/uploads\/2021\/07\/13371808194_96576405eb_o-1.jpg\" sizes=\"auto, (max-width: 550px) 100vw, 550px\" srcset=\"https:\/\/demo.joycathouse.com\/wp-content\/uploads\/2021\/07\/13371808194_96576405eb_o-1.jpg 550w, https:\/\/demo.joycathouse.com\/wp-content\/uploads\/2021\/07\/13371808194_96576405eb_o-1-300x103.jpg 300w\" alt=\"\" width=\"550\" height=\"188\" \/><\/p>\n<p>&nbsp;<\/p>\n<p><strong><img loading=\"lazy\" decoding=\"async\" class=\"aligncenter wp-image-213 size-full\" src=\"https:\/\/demo.joycathouse.com\/wp-content\/uploads\/2021\/07\/OKOK.png\" sizes=\"auto, (max-width: 333px) 100vw, 333px\" srcset=\"https:\/\/demo.joycathouse.com\/wp-content\/uploads\/2021\/07\/OKOK.png 333w, https:\/\/demo.joycathouse.com\/wp-content\/uploads\/2021\/07\/OKOK-300x32.png 300w\" alt=\"\" width=\"333\" height=\"36\" \/><\/strong><\/p>\n","protected":false},"excerpt":{"rendered":"<p>\u00c1o s\u01a1-mi d\u00e0i tay \u0111\u01b0\u1ee3c th\u1ef1c hi\u1ec7n b\u1edfi HQ l\u00e0 nh\u1eefng chi\u1ebfc s\u01a1-mi \u0111\u01b0\u1ee3c may r\u1ea5t kh\u00e9o l\u00e9o v\u00e0 c\u1ea9n &hellip; <a href=\"https:\/\/hq-empire.com\/?product=so-mi-ghi-xam-xep-ly\" class=\"more-link\"><span class=\"more-button\">Read More<span class=\"screen-reader-text\">S\u01a1-mi ghi x\u00e1m x\u1ebfp ly<\/span><\/span><\/a><\/p>\n","protected":false},"featured_media":245,"comment_status":"closed","ping_status":"closed","template":"","meta":[],"product_cat":[28],"product_tag":[],"class_list":{"0":"post-237","1":"product","2":"type-product","3":"status-publish","4":"has-post-thumbnail","6":"product_cat-shirts","8":"first","9":"instock","10":"shipping-taxable","11":"product-type-simple"},"_links":{"self":[{"href":"https:\/\/hq-empire.com\/index.php?rest_route=\/wp\/v2\/product\/237","targetHints":{"allow":["GET"]}}],"collection":[{"href":"https:\/\/hq-empire.com\/index.php?rest_route=\/wp\/v2\/product"}],"about":[{"href":"https:\/\/hq-empire.com\/index.php?rest_route=\/wp\/v2\/types\/product"}],"replies":[{"embeddable":true,"href":"https:\/\/hq-empire.com\/index.php?rest_route=%2Fwp%2Fv2%2Fcomments&post=237"}],"wp:featuredmedia":[{"embeddable":true,"href":"https:\/\/hq-empire.com\/index.php?rest_route=\/wp\/v2\/media\/245"}],"wp:attachment":[{"href":"https:\/\/hq-empire.com\/index.php?rest_route=%2Fwp%2Fv2%2Fmedia&parent=237"}],"wp:term":[{"taxonomy":"product_cat","embeddable":true,"href":"https:\/\/hq-empire.com\/index.php?rest_route=%2Fwp%2Fv2%2Fproduct_cat&post=237"},{"taxonomy":"product_tag","embeddable":true,"href":"https:\/\/hq-empire.com\/index.php?rest_route=%2Fwp%2Fv2%2Fproduct_tag&post=237"}],"curies":[{"name":"wp","href":"https:\/\/api.w.org\/{rel}","templated":true}]}}